 (1 + -2)) + -13 + 9?
-3
What is the value of 4 + -1 - 6 - (-1 - 1)?
-1
Calculate (-2 - -3) + (-6 - -8) + -3.
0
Calculate -1 - -2 - (-4 - (-1 - 1)).
3
-2 + 1 + -6 + 1
-6
Calculate 2 - ((1 - 7) + (7 - -3)).
-2
What is 22 + -24 + (-2 - -14 - 0)?
10
0 + -1 + 8 + (-8 - 4)
-5
Evaluate 2 + -7 + 6 + 1.
2
What is -1 - (-5 - ((4 - 0) + -6))?
2
What is the value of (4 - 3) + -2 + -3 + 4?
0
What is the value of -82 + 76 + 1 + -2?
-7
What is (5 - (-6 + 6 - -4)) + -4?
-3
What is -5 - (-5 - (4 + -3))?
1
What is 3 + (-10 - -3) - 0?
-4
Calculate (5 - (-5 + 13)) + 10.
7
What is the value of -11 + (2 - ((4 - 12) + 8))?
-9
(-4 - -1) + (12 - (-5 + 12))
2
3 + (-4 - (4 - 6))
1
((2 - -2) + -5 - -5) + -9
-5
What is 1 - (-1 + -3 + 10)?
-5
-5 - 1 - (-30 - -26)
-2
-3 - ((-6 - (0 - 4)) + 2)
-3
Evaluate (-2 - 1) + (4 - 1).
0
Evaluate -4 + 5 + 5 + -8.
-2
What is (2 - (-2 + 1)) + (0 - 4)?
-1
What is 3 - -1 - 4 - 1?
-1
2 - (-1 - (-7 + 3))
-1
Evaluate 1 + -1 + 2 + 41 + -37.
6
Evaluate (-6 - -7) + 4 - 3.
2
Evaluate (-7 - (-5 - -1)) + 0 + 5.
2
Calculate 8 - (-8 - (-6 - -9 - 22)).
-3
Calculate (-6 - 1) + (-8 - -17 - -5).
7
What is 1 + 3 + -9 + 6?
1
Calculate (1 - 5) + (1 - (-1 + -1)).
-1
Calculate -3 + (2 + 0 - (-21 - -20)).
0
Evaluate 1 - 6 - -8 - 1.
2
Calculate (-4 - 2 - -1 - -1) + 10.
6
What is (4 - 1) + -5 - 1?
-3
Evaluate -5 - 0 - (2 - 7).
0
Calculate 0 + -13 - -23 - 7.
3
What is the value of (-2 + 4 - 2) + -5?
-5
Calculate (3 - 4 - -7) + 0 + -2.
4
Evaluate -2 - (10 - (9 - 2)).
-5
8 + -4 - (3 + 1)
0
6 - 6 - 8 - (1 - 3)
-6
0 - (-4 + 4 + 1 + -5)
4
What is the value of -5 + (-4 - -4) - (0 + -2)?
-3
What is the value of -6 + 8 + -3 - (-1 + 3)?
-3
Calculate -3 - (-10 + 13) - -9.
3
1 - (3 + (3 - 4)) - -3
2
What is the value of (-2 - (1 + 0)) + 4 - 4?
-3
Evaluate 1 + 0 - (2 + -1 + -3).
3
Calculate -3 - (-5 + (1 + -2 - -5)).
-2
What is 2 + -8 + (2 - 1)?
-5
Evaluate (-5 + 2 - (-10 - -15)) + 0.
-8
Evaluate 4 - (-6 + 2 + (-2 - -7)).
3
What is (4 - -2) + 0 + -9?
-3
Evaluate -8 + (-4 + 6 - -2).
-4
Evaluate -2 - (4 - -1) - -1.
-6
What is the value of -5 + (3 - (5 - -3))?
-10
What is the value of 9 + -4 - 1 - -1?
5
What is 0 - 9 - (-9 - (2 - 6))?
-4
What is (47 - 47) + (1 - -1)?
2
What is (-1 - (2 + -4)) + 1?
2
Evaluate 6 + -7 + (3 - 1 - 0).
1
What is the value of 4 - (-1 - -1) - 6?
-2
What is the value of 8 + 0 - (2 + (0 - -1))?
5
What is the value of 7 + -9 + 9 + -8?
-1
What is the value of 3 - -3 - -3 - 8?
1
What is 4 - ((0 - -2 - 4) + 1)?
5
What is -1 - 6 - ((4 - 10) + 5)?
-6
Evaluate -3 + -1 + 13 + -8.
1
Evaluate -2 + 1 + -7 - -5.
-3
Evaluate -7 - (-6 - 1) - -5.
5
-2 + (8 - 5) + -1
0
What is the value of 2 - (-5 - -8 - 2)?
1
Evaluate (-3 - (-1 + 8)) + 5.
-5
What is the value of (-1 - (3 + -5)) + (-2 - -2)?
1
What is the value of 4 + -6 - 3 - -4?
-1
Calculate 0 + -1 - (3 - (2 + 0)).
-2
(21 - 19) + 1 + -8
-5
Evaluate -3 - -8 - (2 + 0 + -1).
4
What is 13 + (-12 - (6 + -7))?
2
What is 0 + 0 + -3 - (2 + -8)?
3
(2 - 1) + (-118 - -122)
5
What is the value of -4 + (0 + 2 - 3) + 1?
-4
Evaluate 36 - 28 - (-1 - -16).
-7
Evaluate 7 - 1 - (-3 + 7).
2
-1 - -7 - 2 - (43 + -42)
3
(0 - 3 - (1 - -2)) + 1
-5
What is the value of 0 - (7 + -6 + -6)?
5
-9 - (-6 - -2) - -4 - -2
1
What is the value of 1 + (-2 + 4 - (0 + 2))?
1
-1 - (3 + (-2 - -3))
-5
What is -5 + 10 - (-3 + 12)?
-4
-3 + -1 - -3 - 3
-4
What is 1 + (6 + -1 - 3)?
3
4 + -14 + 5 + 2
-3
What is the value of 2 + -5 + 38 + -43 - -1?
-7
What is the value of ((-4 - -4) + -1 - 2) + 0?
-3
Evaluate -4 + (-1 + 4 - 1).
-2
Evaluate 1 - 1 - (3 - 1).
-2
Calculate (0 - 6) + (4 - 5) + 6.
-1
Evaluate 1 - -1 - (6 + -11 + 7).
0
Calculate -7 + 5 + -7 + 4 + -4.
-9
6 + -18 + 2 + (-8 - -9)
-9
2 + 4 - 4 - 2
0
Calculate 9 - -2 - (9 + -11 - -10).
3
Calculate 2 - (1 + -3 + 5 + -3).
2
What is 14 - 13 - (-1 + (1 - 6))?
7
-1 + 1 + (2 - -1) - 5
-2
What is the value of (-4 + 5 - 0) + -2 + -1?
-2
What is 3 + -2 + -2 + -1?
-2
What is 1 + 4 + -2 - (2 - -6)?
-5
What is 5 + -5 - 9 - -13?
4
-1 + 3 + (80 - 81)
1
Evaluate (-2 - (3 - 3)) + 1.
-1
What is the value of -2 + (-3 - (2 + -6)) - 4?
-5
(6 - 13) + (4 - (0 + -8))
5
What is -1 + -3 + 3 + -2?
-3
What is (6 - -1) + -1 + -2?
4
What is the value of (-7 - -15) + -18 + 4?
-6
Calculate -11 - (4 - (0 + 6)).
-9
2 + 4 + -2 + (-5 - 1)
-2
What is -2 + (-4 - (2 - 9 - -3))?
-2
Evaluate 1 + -13 + (-23 - -28) + 5.
-2
Calculate (-1 - 1) + 11 + -8.
1
Calculate (8 - 13) + (3 - 4).
-6
What is the value of (-7 - -2) + -1 + 1?
-5
Calculate -2 - (3 - 0) - (43 + -46).
-2
Evaluate (3 - 2) + 4 + -5 + 0.
0
What is -7 - (-8 + 4) - (-2 + -1)?
0
What is -3 + (3 + 0 - -2) + -2?
0
Evaluate 0 - ((2 - 6) + 6).
-2
What is the value of -13 + 5 + 16 - 16?
-8
What is (-8 - (-2 - -3) - -2) + 2?
-5
Calculate -3 + -7 + 8 - -4.
2
Calculate (1 - (4 - 2 - 0)) + 5.
4
What is the value of -6 - 0 - -8 - 17 - -4?
-11
What is the value of -11 + 14 - 1 - 5?
-3
Evaluate (-3 - -2) + 0 + (1 - 1).
-1
(-2 - (6 + -6)) + -3
-5
What is the value of -6 + 0 - (1 + -9 + 5)?
-3
Calculate (11 - 4) + 3 + (-8 - -5).
7
Evaluate -4 + (-3 - -4) + 7.
4
Evaluate -11 - ((-11 - 8) + -2).
10
What is 2 + -2 - 11 - -19?
8
What is 2 - (-2 + (-5 - (-16 - -4)))?
-3
What is the value of 5 - ((-4 - -4) + 4 + -3)?
4
Evaluate -4 + (5 - ((-2 - -2) + 2)).
-1
Evaluate 15 - (19 - (11 + -5)).
2
-4 + 2 - (0 + 1)
-3
Calculate 2 - (-1 + -2 - (-7 + 2)).
0
(2 - (1 + -2)) + (-2 - -1)
2
Calculate (-5 - (1 - 14)) + 0 + -3.
5
5 - 2 - (-2 - -1)
4
Calculate -6 + 1 + -3 + (4 - 1).
-5
8 - -1 - (-6 + 20 - 6)
1
Evaluate -6 + 8 - (-1 + -2).
5
-20 + 29 + -1 + -2
6
What is 1 + (1 - 0) - (5 + -2)?
-1
Evaluate 3 - (8 + -6) - -3.
4
Evaluate -5 - (2 + -3 + 2 - 2).
-4
Evaluate 42 + -44 + 2 + 0 + 2.
2
What is the value of 6 + (5 + -9 - 3) + 2?
1
Calculate 3 + -1 + 1 + -8.
-5
What is the value of (0 - (6 - 2)) + 2?
-2
What is 8 + 3 + -3 - 4?
4
-5 + -2 + 2 - (-5 + 2)
-2
3 + -4 + 7 + -5
1
Evaluate (11 - 9) + 2 + -14.
-10
Calculate 13 - ((0 - 1) + -52 + 59).
7
Evaluate (7 - (6 + -3)) + 1.
5
What is 9 + -10 - (-1 - (-9 + 2))?
-7
Evaluate (12 - 4) + -1 + -1 + -5.
1
What is (1 - 15 - -10) + 0 + 4?
0
Calculate -3 - (-6 + 4 + 0 - 3).
2
13 + -13 + -13 + 11
-2
(-2 - (-12 - -5 - -6)) + 5
4
0 - (14 + -1 - 23)
10
Evaluate 9 - (6 - 6 - -6).
3
(4 - 7) + 17 - 8
6
What is the value of (7 - 25 - -8) + 8?
-2
-5 + (8 - 10 - -9)
2
Calculate 0 + 1 + (1 - 6).
-4
Evaluate (-16 - -28) + -2 + -1 + 0.
9
What is 4 - ((2 - (-9 + 1)) + -3)?
-3
Evaluate 2 - (2 + -2 + (-2 - -7)).
-3
Calculate 5 + (-3 - (-3 - (-3 + 0))).
2
Calculate 4 + (13 - 8) + -2.
7
What is -6 - ((2 - 6) + -7)?
5
What is -5 + (11 + -5 - (4 + -2))?
-1
What is 101 - 106 - ((-5 - 1) + -1)?
2
What is the value of 8 - ((2 - -5) + (-3 - 1))?
5
(-26 + 30 - 20) + (0 - -8)
-8
What is the value of 4 - 1 - (5 - (-2 + 3))?
-1
Calculate 9 + (0 - -1 - (6 + 3)).
1
What is 2 + 1 + 3 - 11?
-5
Evaluate -2 - (0 + -5 - 0 - -2).
1
1 + (-4 - -2) + (-20 - -21)
0
-3 - (8 + -12 + 9)
-8
Evaluate 1 + 4 - (3 + 11 + -12).
3
What is the value of 1 + -1 - (-1 + 3 + -2)?
0
(-9 - -2) + 15 + -13
-5
What is -9 + -3 + (3 - -3)?
-6
What is the value of -7 + 6 + 12 + -7?
4
What is the value of (0 - (-4 - 2)) + -4 + 1?
3
What is the value of 0 + 2 + 4 - 1?
5
What is the value of -13 - (-25 + (21 - 8))?
-1
2 + 6 + -7 + -5
-4
(4 - 4 - (13 - 12)) + -7
-8
Evaluate 7 - ((-7 - 0) + 8).
6
5 - ((-2 - -13) + -15)
9
Calculate 3 + 3 + -7 + -2 + 3.
0
(-3 - (-1 - 4 - -3)) + -4
-5
What is the value of (-5 - -6 - (-2 - 0)) + -4?
-1
Evaluate 2 - (-3 + (3 - 3)).
5
What is the value of (2 - 8) + 5 + 4?
3
Evaluate 4 + (0 - (4 - -3)).
-3
What is -4 - -1 - (1 + -3)?
-1
Calculate (4 - (7 - -1) - -8) + -5.
-1
What is the value of 14 + -11 + 2 - (0 + -1)?
6
(-1 - (-8 - -10)) + -3
-6
What is 8 - (1 - 11 - -13)?
5
What is the value of 0 + -2 + 14 + -16?
-4
What is -3 + 0 + (-5 - -7)?
-1
What is the value of 6 + 1 + 32 + -44?
-5
Evaluate 0 - (17 + -1 + -3 - 5).
-8
6 + 9 + 0 + -7
8
What is -6 - ((0 - 0) + -1)?
-5
Calculate (2 - 7) + (11 - 0 - 13).
-7
Evaluate 0 - 1 - (22 + -32).
9
What is -1 + -2 - (4 - (3 - -2))?
-2
Calculate (-1 - 5 - (9 + -13)) + 2.
0
0 - 6 - -10 - (0 - -4)
0
Evaluate 12 - (-9 - -3 - (-10 + 2)).
10
Calculate (-3 - 0) + 4 + (-4 - -6).
3
What is the value of 5 + 2 + 4 + -10?
1
22 + -33 + 0 + 0
-11
What is 0 - (2 + 2 + -2)?
-2
Evaluate -12 - ((